{"id":3733,"date":"2024-08-12T23:10:48","date_gmt":"2024-08-12T23:10:48","guid":{"rendered":"https:\/\/colombiadiversa.org\/?post_type=publicacion&#038;p=3733"},"modified":"2025-08-12T23:11:56","modified_gmt":"2025-08-12T23:11:56","slug":"call-for-photographs-for-an-art-exhibition-commemorating-the-20th-anniversary-of-colombia-diversa","status":"publish","type":"publicacion","link":"https:\/\/colombiadiversa.org\/en\/publication\/call-for-photographs-for-an-art-exhibition-commemorating-the-20th-anniversary-of-colombia-diversa\/","title":{"rendered":"Call for photographs for an art exhibition to commemorate the 20th anniversary of Colombia Diversa"},"content":{"rendered":"<p>Colombia Diversa invites people or collectives with experience in artistic creation in Colombia (residents in the national territory or abroad) as well as people from abroad who can prove more than five (5) years of residence in the country, to apply for unpublished photographs that will make up an artistic exhibition that will make visible the main transformations that the country has undergone in the last 20 years, which will be inaugurated in October at the EAN University in Bogota.<\/p>","protected":false},"featured_media":3736,"template":"","meta":{"_acf_changed":false},"class_list":["post-3733","publicacion","type-publicacion","status-publish","has-post-thumbnail","hentry"],"acf":[],"yoast_head":"<!-- This site is optimized with the Yoast SEO Premium plugin v25.6 (Yoast SEO v25.6) - https:\/\/yoast.com\/wordpress\/plugins\/seo\/ -->\n<title>Convocatoria fotogr\u00e1fica para muestra art\u00edstica conmemorativa de los 20 a\u00f1os de Colombia Diversa - Colombia Diversa<\/title>\n<meta name=\"description\" content=\"Colombia Diversa invita a personas o colectividades con experiencia en creaci\u00f3n art\u00edstica de Colombia (residentes en el territorio nacional o en el\" \/>\n<meta name=\"robots\" content=\"index, follow, max-snippet:-1, max-image-preview:large, max-video-preview:-1\" \/>\n<link rel=\"canonical\" href=\"https:\/\/colombiadiversa.org\/en\/publication\/call-for-photographs-for-an-art-exhibition-commemorating-the-20th-anniversary-of-colombia-diversa\/\" \/>\n<meta property=\"og:locale\" content=\"en_GB\" \/>\n<meta property=\"og:type\" content=\"article\" \/>\n<meta property=\"og:title\" content=\"Convocatoria fotogr\u00e1fica para muestra art\u00edstica conmemorativa de los 20 a\u00f1os de Colombia Diversa\" \/>\n<meta property=\"og:description\" content=\"Colombia Diversa invita a personas o colectividades con experiencia en creaci\u00f3n art\u00edstica de Colombia (residentes en el territorio nacional o en el\" \/>\n<meta property=\"og:url\" content=\"https:\/\/colombiadiversa.org\/en\/publication\/call-for-photographs-for-an-art-exhibition-commemorating-the-20th-anniversary-of-colombia-diversa\/\" \/>\n<meta property=\"og:site_name\" content=\"Colombia Diversa\" \/>\n<meta property=\"article:publisher\" content=\"https:\/\/www.facebook.com\/pagecolombiadiversa\/\" \/>\n<meta property=\"article:modified_time\" content=\"2025-08-12T23:11:56+00:00\" \/>\n<meta property=\"og:image\" content=\"https:\/\/colombiadiversa.org\/wp-content\/uploads\/2025\/08\/Convocatoria-fotografica-para-muestra-artistica-conmemorativa-de-los-20-anos-de-Colombia-Diversa.jpg\" \/>\n\t<meta property=\"og:image:width\" content=\"1080\" \/>\n\t<meta property=\"og:image:height\" content=\"1270\" \/>\n\t<meta property=\"og:image:type\" content=\"image\/jpeg\" \/>\n<meta name=\"twitter:card\" content=\"summary_large_image\" \/>\n<meta name=\"twitter:site\" content=\"@ColombiaDiversa\" \/>\n<script type=\"application\/ld+json\" class=\"yoast-schema-graph\">{\"@context\":\"https:\/\/schema.org\",\"@graph\":[{\"@type\":\"WebPage\",\"@id\":\"https:\/\/colombiadiversa.org\/publicacion\/convocatoria-fotografica-para-muestra-artistica-conmemorativa-de-los-20-anos-de-colombia-diversa\/\",\"url\":\"https:\/\/colombiadiversa.org\/publicacion\/convocatoria-fotografica-para-muestra-artistica-conmemorativa-de-los-20-anos-de-colombia-diversa\/\",\"name\":\"Convocatoria fotogr\u00e1fica para muestra art\u00edstica conmemorativa de los 20 a\u00f1os de Colombia Diversa - Colombia Diversa\",\"isPartOf\":{\"@id\":\"https:\/\/colombiadiversa.org\/#website\"},\"primaryImageOfPage\":{\"@id\":\"https:\/\/colombiadiversa.org\/publicacion\/convocatoria-fotografica-para-muestra-artistica-conmemorativa-de-los-20-anos-de-colombia-diversa\/#primaryimage\"},\"image\":{\"@id\":\"https:\/\/colombiadiversa.org\/publicacion\/convocatoria-fotografica-para-muestra-artistica-conmemorativa-de-los-20-anos-de-colombia-diversa\/#primaryimage\"},\"thumbnailUrl\":\"https:\/\/colombiadiversa.org\/wp-content\/uploads\/2025\/08\/Convocatoria-fotografica-para-muestra-artistica-conmemorativa-de-los-20-anos-de-Colombia-Diversa.jpg\",\"datePublished\":\"2024-08-12T23:10:48+00:00\",\"dateModified\":\"2025-08-12T23:11:56+00:00\",\"description\":\"Colombia Diversa invita a personas o colectividades con experiencia en creaci\u00f3n art\u00edstica de Colombia (residentes en el territorio nacional o en el\",\"breadcrumb\":{\"@id\":\"https:\/\/colombiadiversa.org\/publicacion\/convocatoria-fotografica-para-muestra-artistica-conmemorativa-de-los-20-anos-de-colombia-diversa\/#breadcrumb\"},\"inLanguage\":\"en-GB\",\"potentialAction\":[{\"@type\":\"ReadAction\",\"target\":[\"https:\/\/colombiadiversa.org\/publicacion\/convocatoria-fotografica-para-muestra-artistica-conmemorativa-de-los-20-anos-de-colombia-diversa\/\"]}]},{\"@type\":\"ImageObject\",\"inLanguage\":\"en-GB\",\"@id\":\"https:\/\/colombiadiversa.org\/publicacion\/convocatoria-fotografica-para-muestra-artistica-conmemorativa-de-los-20-anos-de-colombia-diversa\/#primaryimage\",\"url\":\"https:\/\/colombiadiversa.org\/wp-content\/uploads\/2025\/08\/Convocatoria-fotografica-para-muestra-artistica-conmemorativa-de-los-20-anos-de-Colombia-Diversa.jpg\",\"contentUrl\":\"https:\/\/colombiadiversa.org\/wp-content\/uploads\/2025\/08\/Convocatoria-fotografica-para-muestra-artistica-conmemorativa-de-los-20-anos-de-Colombia-Diversa.jpg\",\"width\":1080,\"height\":1270,\"caption\":\"Convocatoria fotogr\u00e1fica para muestra art\u00edstica conmemorativa de los 20 a\u00f1os de Colombia Diversa\"},{\"@type\":\"BreadcrumbList\",\"@id\":\"https:\/\/colombiadiversa.org\/publicacion\/convocatoria-fotografica-para-muestra-artistica-conmemorativa-de-los-20-anos-de-colombia-diversa\/#breadcrumb\",\"itemListElement\":[{\"@type\":\"ListItem\",\"position\":1,\"name\":\"Home\",\"item\":\"https:\/\/colombiadiversa.org\/\"},{\"@type\":\"ListItem\",\"position\":2,\"name\":\"Convocatoria fotogr\u00e1fica para muestra art\u00edstica conmemorativa de los 20 a\u00f1os de Colombia Diversa\"}]},{\"@type\":\"WebSite\",\"@id\":\"https:\/\/colombiadiversa.org\/#website\",\"url\":\"https:\/\/colombiadiversa.org\/\",\"name\":\"Colombia Diversa\",\"description\":\"Derechos LGBTIQ+ en Colombia con justicia e igualdad\",\"publisher\":{\"@id\":\"https:\/\/colombiadiversa.org\/#organization\"},\"alternateName\":\"Colombia Diversa\",\"potentialAction\":[{\"@type\":\"SearchAction\",\"target\":{\"@type\":\"EntryPoint\",\"urlTemplate\":\"https:\/\/colombiadiversa.org\/?s={search_term_string}\"},\"query-input\":{\"@type\":\"PropertyValueSpecification\",\"valueRequired\":true,\"valueName\":\"search_term_string\"}}],\"inLanguage\":\"en-GB\"},{\"@type\":\"Organization\",\"@id\":\"https:\/\/colombiadiversa.org\/#organization\",\"name\":\"Colombia Diversa\",\"alternateName\":\"Colombia Diversa\",\"url\":\"https:\/\/colombiadiversa.org\/\",\"logo\":{\"@type\":\"ImageObject\",\"inLanguage\":\"en-GB\",\"@id\":\"https:\/\/colombiadiversa.org\/#\/schema\/logo\/image\/\",\"url\":\"https:\/\/colombiadiversa.org\/wp-content\/uploads\/2025\/05\/cropped-Logo.png\",\"contentUrl\":\"https:\/\/colombiadiversa.org\/wp-content\/uploads\/2025\/05\/cropped-Logo.png\",\"width\":258,\"height\":138,\"caption\":\"Colombia Diversa\"},\"image\":{\"@id\":\"https:\/\/colombiadiversa.org\/#\/schema\/logo\/image\/\"},\"sameAs\":[\"https:\/\/www.facebook.com\/pagecolombiadiversa\/\",\"https:\/\/x.com\/ColombiaDiversa\",\"https:\/\/www.instagram.com\/colombiadiversa\/?hl=es-la\",\"https:\/\/www.youtube.com\/user\/ColombiaDiversa\"],\"description\":\"Derechos LGBTIQ+ en Colombia con justicia e igualdad\",\"legalName\":\"Colombia Diversa\"}]}<\/script>\n<!-- \/ Yoast SEO Premium plugin. -->","yoast_head_json":{"title":"Call for photographs for artistic exhibition commemorating the 20th anniversary of Colombia Diversa - Colombia Diversa","description":"Colombia Diversa invites individuals or collectivities with experience in artistic creation in Colombia (residents in the national territory or in the","robots":{"index":"index","follow":"follow","max-snippet":"max-snippet:-1","max-image-preview":"max-image-preview:large","max-video-preview":"max-video-preview:-1"},"canonical":"https:\/\/colombiadiversa.org\/en\/publication\/call-for-photographs-for-an-art-exhibition-commemorating-the-20th-anniversary-of-colombia-diversa\/","og_locale":"en_GB","og_type":"article","og_title":"Convocatoria fotogr\u00e1fica para muestra art\u00edstica conmemorativa de los 20 a\u00f1os de Colombia Diversa","og_description":"Colombia Diversa invita a personas o colectividades con experiencia en creaci\u00f3n art\u00edstica de Colombia (residentes en el territorio nacional o en el","og_url":"https:\/\/colombiadiversa.org\/en\/publication\/call-for-photographs-for-an-art-exhibition-commemorating-the-20th-anniversary-of-colombia-diversa\/","og_site_name":"Colombia Diversa","article_publisher":"https:\/\/www.facebook.com\/pagecolombiadiversa\/","article_modified_time":"2025-08-12T23:11:56+00:00","og_image":[{"width":1080,"height":1270,"url":"https:\/\/colombiadiversa.org\/wp-content\/uploads\/2025\/08\/Convocatoria-fotografica-para-muestra-artistica-conmemorativa-de-los-20-anos-de-Colombia-Diversa.jpg","type":"image\/jpeg"}],"twitter_card":"summary_large_image","twitter_site":"@ColombiaDiversa","schema":{"@context":"https:\/\/schema.org","@graph":[{"@type":"WebPage","@id":"https:\/\/colombiadiversa.org\/publicacion\/convocatoria-fotografica-para-muestra-artistica-conmemorativa-de-los-20-anos-de-colombia-diversa\/","url":"https:\/\/colombiadiversa.org\/publicacion\/convocatoria-fotografica-para-muestra-artistica-conmemorativa-de-los-20-anos-de-colombia-diversa\/","name":"Call for photographs for artistic exhibition commemorating the 20th anniversary of Colombia Diversa - Colombia Diversa","isPartOf":{"@id":"https:\/\/colombiadiversa.org\/#website"},"primaryImageOfPage":{"@id":"https:\/\/colombiadiversa.org\/publicacion\/convocatoria-fotografica-para-muestra-artistica-conmemorativa-de-los-20-anos-de-colombia-diversa\/#primaryimage"},"image":{"@id":"https:\/\/colombiadiversa.org\/publicacion\/convocatoria-fotografica-para-muestra-artistica-conmemorativa-de-los-20-anos-de-colombia-diversa\/#primaryimage"},"thumbnailUrl":"https:\/\/colombiadiversa.org\/wp-content\/uploads\/2025\/08\/Convocatoria-fotografica-para-muestra-artistica-conmemorativa-de-los-20-anos-de-Colombia-Diversa.jpg","datePublished":"2024-08-12T23:10:48+00:00","dateModified":"2025-08-12T23:11:56+00:00","description":"Colombia Diversa invites individuals or collectivities with experience in artistic creation in Colombia (residents in the national territory or in the","breadcrumb":{"@id":"https:\/\/colombiadiversa.org\/publicacion\/convocatoria-fotografica-para-muestra-artistica-conmemorativa-de-los-20-anos-de-colombia-diversa\/#breadcrumb"},"inLanguage":"en-GB","potentialAction":[{"@type":"ReadAction","target":["https:\/\/colombiadiversa.org\/publicacion\/convocatoria-fotografica-para-muestra-artistica-conmemorativa-de-los-20-anos-de-colombia-diversa\/"]}]},{"@type":"ImageObject","inLanguage":"en-GB","@id":"https:\/\/colombiadiversa.org\/publicacion\/convocatoria-fotografica-para-muestra-artistica-conmemorativa-de-los-20-anos-de-colombia-diversa\/#primaryimage","url":"https:\/\/colombiadiversa.org\/wp-content\/uploads\/2025\/08\/Convocatoria-fotografica-para-muestra-artistica-conmemorativa-de-los-20-anos-de-Colombia-Diversa.jpg","contentUrl":"https:\/\/colombiadiversa.org\/wp-content\/uploads\/2025\/08\/Convocatoria-fotografica-para-muestra-artistica-conmemorativa-de-los-20-anos-de-Colombia-Diversa.jpg","width":1080,"height":1270,"caption":"Convocatoria fotogr\u00e1fica para muestra art\u00edstica conmemorativa de los 20 a\u00f1os de Colombia Diversa"},{"@type":"BreadcrumbList","@id":"https:\/\/colombiadiversa.org\/publicacion\/convocatoria-fotografica-para-muestra-artistica-conmemorativa-de-los-20-anos-de-colombia-diversa\/#breadcrumb","itemListElement":[{"@type":"ListItem","position":1,"name":"Home","item":"https:\/\/colombiadiversa.org\/"},{"@type":"ListItem","position":2,"name":"Convocatoria fotogr\u00e1fica para muestra art\u00edstica conmemorativa de los 20 a\u00f1os de Colombia Diversa"}]},{"@type":"WebSite","@id":"https:\/\/colombiadiversa.org\/#website","url":"https:\/\/colombiadiversa.org\/","name":"Colombia Diverse","description":"LGBTIQ+ rights in Colombia with justice and equality","publisher":{"@id":"https:\/\/colombiadiversa.org\/#organization"},"alternateName":"Colombia Diversa","potentialAction":[{"@type":"SearchAction","target":{"@type":"EntryPoint","urlTemplate":"https:\/\/colombiadiversa.org\/?s={search_term_string}"},"query-input":{"@type":"PropertyValueSpecification","valueRequired":true,"valueName":"search_term_string"}}],"inLanguage":"en-GB"},{"@type":"Organization","@id":"https:\/\/colombiadiversa.org\/#organization","name":"Colombia Diverse","alternateName":"Colombia Diversa","url":"https:\/\/colombiadiversa.org\/","logo":{"@type":"ImageObject","inLanguage":"en-GB","@id":"https:\/\/colombiadiversa.org\/#\/schema\/logo\/image\/","url":"https:\/\/colombiadiversa.org\/wp-content\/uploads\/2025\/05\/cropped-Logo.png","contentUrl":"https:\/\/colombiadiversa.org\/wp-content\/uploads\/2025\/05\/cropped-Logo.png","width":258,"height":138,"caption":"Colombia Diversa"},"image":{"@id":"https:\/\/colombiadiversa.org\/#\/schema\/logo\/image\/"},"sameAs":["https:\/\/www.facebook.com\/pagecolombiadiversa\/","https:\/\/x.com\/ColombiaDiversa","https:\/\/www.instagram.com\/colombiadiversa\/?hl=es-la","https:\/\/www.youtube.com\/user\/ColombiaDiversa"],"description":"LGBTIQ+ rights in Colombia with justice and equality","legalName":"Colombia Diversa"}]}},"_links":{"self":[{"href":"https:\/\/colombiadiversa.org\/en\/wp-json\/wp\/v2\/publicacion\/3733","targetHints":{"allow":["GET"]}}],"collection":[{"href":"https:\/\/colombiadiversa.org\/en\/wp-json\/wp\/v2\/publicacion"}],"about":[{"href":"https:\/\/colombiadiversa.org\/en\/wp-json\/wp\/v2\/types\/publicacion"}],"wp:featuredmedia":[{"embeddable":true,"href":"https:\/\/colombiadiversa.org\/en\/wp-json\/wp\/v2\/media\/3736"}],"wp:attachment":[{"href":"https:\/\/colombiadiversa.org\/en\/wp-json\/wp\/v2\/media?parent=3733"}],"curies":[{"name":"wp","href":"https:\/\/api.w.org\/{rel}","templated":true}]}}

<!-- This site is optimized with the Yoast SEO Premium plugin v25.6 (Yoast SEO v25.6) - https://yoast.com/wordpress/plugins/seo/ -->
<title>Convocatoria fotográfica para muestra artística conmemorativa de los 20 años de Colombia Diversa - Colombia Diversa</title>
<meta name="description" content="Colombia Diversa invita a personas o colectividades con experiencia en creación artística de Colombia (residentes en el territorio nacional o en el" />
<meta name="robots" content="index, follow, max-snippet:-1, max-image-preview:large, max-video-preview:-1" />
<link rel="canonical" href="https://colombiadiversa.org/en/publication/call-for-photographs-for-an-art-exhibition-commemorating-the-20th-anniversary-of-colombia-diversa/" />
<meta property="og:locale" content="en_GB" />
<meta property="og:type" content="article" />
<meta property="og:title" content="Convocatoria fotográfica para muestra artística conmemorativa de los 20 años de Colombia Diversa" />
<meta property="og:description" content="Colombia Diversa invita a personas o colectividades con experiencia en creación artística de Colombia (residentes en el territorio nacional o en el" />
<meta property="og:url" content="https://colombiadiversa.org/en/publication/call-for-photographs-for-an-art-exhibition-commemorating-the-20th-anniversary-of-colombia-diversa/" />
<meta property="og:site_name" content="Colombia Diversa" />
<meta property="article:publisher" content="https://www.facebook.com/pagecolombiadiversa/" />
<meta property="article:modified_time" content="2025-08-12T23:11:56+00:00" />
<meta property="og:image" content="https://colombiadiversa.org/wp-content/uploads/2025/08/Convocatoria-fotografica-para-muestra-artistica-conmemorativa-de-los-20-anos-de-Colombia-Diversa.jpg" />
	<meta property="og:image:width" content="1080" />
	<meta property="og:image:height" content="1270" />
	<meta property="og:image:type" content="image/jpeg" />
<meta name="twitter:card" content="summary_large_image" />
<meta name="twitter:site" content="@ColombiaDiversa" />
<script type="application/ld+json" class="yoast-schema-graph">{"@context":"https://schema.org","@graph":[{"@type":"WebPage","@id":"https://colombiadiversa.org/publicacion/convocatoria-fotografica-para-muestra-artistica-conmemorativa-de-los-20-anos-de-colombia-diversa/","url":"https://colombiadiversa.org/publicacion/convocatoria-fotografica-para-muestra-artistica-conmemorativa-de-los-20-anos-de-colombia-diversa/","name":"Convocatoria fotográfica para muestra artística conmemorativa de los 20 años de Colombia Diversa - Colombia Diversa","isPartOf":{"@id":"https://colombiadiversa.org/#website"},"primaryImageOfPage":{"@id":"https://colombiadiversa.org/publicacion/convocatoria-fotografica-para-muestra-artistica-conmemorativa-de-los-20-anos-de-colombia-diversa/#primaryimage"},"image":{"@id":"https://colombiadiversa.org/publicacion/convocatoria-fotografica-para-muestra-artistica-conmemorativa-de-los-20-anos-de-colombia-diversa/#primaryimage"},"thumbnailUrl":"https://colombiadiversa.org/wp-content/uploads/2025/08/Convocatoria-fotografica-para-muestra-artistica-conmemorativa-de-los-20-anos-de-Colombia-Diversa.jpg","datePublished":"2024-08-12T23:10:48+00:00","dateModified":"2025-08-12T23:11:56+00:00","description":"Colombia Diversa invita a personas o colectividades con experiencia en creación artística de Colombia (residentes en el territorio nacional o en el","breadcrumb":{"@id":"https://colombiadiversa.org/publicacion/convocatoria-fotografica-para-muestra-artistica-conmemorativa-de-los-20-anos-de-colombia-diversa/#breadcrumb"},"inLanguage":"en-GB","potentialAction":[{"@type":"ReadAction","target":["https://colombiadiversa.org/publicacion/convocatoria-fotografica-para-muestra-artistica-conmemorativa-de-los-20-anos-de-colombia-diversa/"]}]},{"@type":"ImageObject","inLanguage":"en-GB","@id":"https://colombiadiversa.org/publicacion/convocatoria-fotografica-para-muestra-artistica-conmemorativa-de-los-20-anos-de-colombia-diversa/#primaryimage","url":"https://colombiadiversa.org/wp-content/uploads/2025/08/Convocatoria-fotografica-para-muestra-artistica-conmemorativa-de-los-20-anos-de-Colombia-Diversa.jpg","contentUrl":"https://colombiadiversa.org/wp-content/uploads/2025/08/Convocatoria-fotografica-para-muestra-artistica-conmemorativa-de-los-20-anos-de-Colombia-Diversa.jpg","width":1080,"height":1270,"caption":"Convocatoria fotográfica para muestra artística conmemorativa de los 20 años de Colombia Diversa"},{"@type":"BreadcrumbList","@id":"https://colombiadiversa.org/publicacion/convocatoria-fotografica-para-muestra-artistica-conmemorativa-de-los-20-anos-de-colombia-diversa/#breadcrumb","itemListElement":[{"@type":"ListItem","position":1,"name":"Home","item":"https://colombiadiversa.org/"},{"@type":"ListItem","position":2,"name":"Convocatoria fotográfica para muestra artística conmemorativa de los 20 años de Colombia Diversa"}]},{"@type":"WebSite","@id":"https://colombiadiversa.org/#website","url":"https://colombiadiversa.org/","name":"Colombia Diversa","description":"Derechos LGBTIQ+ en Colombia con justicia e igualdad","publisher":{"@id":"https://colombiadiversa.org/#organization"},"alternateName":"Colombia Diversa","potentialAction":[{"@type":"SearchAction","target":{"@type":"EntryPoint","urlTemplate":"https://colombiadiversa.org/?s={search_term_string}"},"query-input":{"@type":"PropertyValueSpecification","valueRequired":true,"valueName":"search_term_string"}}],"inLanguage":"en-GB"},{"@type":"Organization","@id":"https://colombiadiversa.org/#organization","name":"Colombia Diversa","alternateName":"Colombia Diversa","url":"https://colombiadiversa.org/","logo":{"@type":"ImageObject","inLanguage":"en-GB","@id":"https://colombiadiversa.org/#/schema/logo/image/","url":"https://colombiadiversa.org/wp-content/uploads/2025/05/cropped-Logo.png","contentUrl":"https://colombiadiversa.org/wp-content/uploads/2025/05/cropped-Logo.png","width":258,"height":138,"caption":"Colombia Diversa"},"image":{"@id":"https://colombiadiversa.org/#/schema/logo/image/"},"sameAs":["https://www.facebook.com/pagecolombiadiversa/","https://x.com/ColombiaDiversa","https://www.instagram.com/colombiadiversa/?hl=es-la","https://www.youtube.com/user/ColombiaDiversa"],"description":"Derechos LGBTIQ+ en Colombia con justicia e igualdad","legalName":"Colombia Diversa"}]}</script>
<!-- / Yoast SEO Premium plugin. -->

Convocatoria fotográfica para muestra artística conmemorativa de los 20 años de Colombia Diversa

Colombia Diversa invita a personas o colectividades con experiencia en creación artística de Colombia (residentes en el territorio nacional o en el
