{"id":3691,"date":"2022-08-12T22:36:30","date_gmt":"2022-08-12T22:36:30","guid":{"rendered":"https:\/\/colombiadiversa.org\/?post_type=publicacion&#038;p=3691"},"modified":"2025-08-12T22:36:36","modified_gmt":"2025-08-12T22:36:36","slug":"violence-does-not-prevent-us-from-being-and-loving","status":"publish","type":"publicacion","link":"https:\/\/colombiadiversa.org\/en\/publication\/violence-does-not-prevent-us-from-being-and-loving\/","title":{"rendered":"Violence does not stop us from being and loving"},"content":{"rendered":"<p>By 2021, Colombia Diversa recorded violence against 405 LGBT people in Colombia. The purpose of this report is to study the human rights situation of LGBT people in Colombia, with an emphasis on the dynamics of violence at regional and departmental level.<\/p>","protected":false},"featured_media":3694,"template":"","meta":{"_acf_changed":false},"class_list":["post-3691","publicacion","type-publicacion","status-publish","has-post-thumbnail","hentry"],"acf":[],"yoast_head":"<!-- This site is optimized with the Yoast SEO Premium plugin v25.6 (Yoast SEO v25.6) - https:\/\/yoast.com\/wordpress\/plugins\/seo\/ -->\n<title>La violencia no nos impide ser y amar - Colombia Diversa<\/title>\n<meta name=\"description\" content=\"Para el 2021, Colombia Diversa registr\u00f3 violencias en contra de 405 personas LGBT en Colombia. Este informe tiene como prop\u00f3sito estudiar la situaci\u00f3n de\" \/>\n<meta name=\"robots\" content=\"index, follow, max-snippet:-1, max-image-preview:large, max-video-preview:-1\" \/>\n<link rel=\"canonical\" href=\"https:\/\/colombiadiversa.org\/en\/publication\/violence-does-not-prevent-us-from-being-and-loving\/\" \/>\n<meta property=\"og:locale\" content=\"en_GB\" \/>\n<meta property=\"og:type\" content=\"article\" \/>\n<meta property=\"og:title\" content=\"La violencia no nos impide ser y amar\" \/>\n<meta property=\"og:description\" content=\"Para el 2021, Colombia Diversa registr\u00f3 violencias en contra de 405 personas LGBT en Colombia. Este informe tiene como prop\u00f3sito estudiar la situaci\u00f3n de\" \/>\n<meta property=\"og:url\" content=\"https:\/\/colombiadiversa.org\/en\/publication\/violence-does-not-prevent-us-from-being-and-loving\/\" \/>\n<meta property=\"og:site_name\" content=\"Colombia Diversa\" \/>\n<meta property=\"article:publisher\" content=\"https:\/\/www.facebook.com\/pagecolombiadiversa\/\" \/>\n<meta property=\"article:modified_time\" content=\"2025-08-12T22:36:36+00:00\" \/>\n<meta property=\"og:image\" content=\"https:\/\/colombiadiversa.org\/wp-content\/uploads\/2025\/08\/La-violencia-no-nos-impide-ser-y-amar.jpg\" \/>\n\t<meta property=\"og:image:width\" content=\"1080\" \/>\n\t<meta property=\"og:image:height\" content=\"1270\" \/>\n\t<meta property=\"og:image:type\" content=\"image\/jpeg\" \/>\n<meta name=\"twitter:card\" content=\"summary_large_image\" \/>\n<meta name=\"twitter:site\" content=\"@ColombiaDiversa\" \/>\n<script type=\"application\/ld+json\" class=\"yoast-schema-graph\">{\"@context\":\"https:\/\/schema.org\",\"@graph\":[{\"@type\":\"WebPage\",\"@id\":\"https:\/\/colombiadiversa.org\/publicacion\/la-violencia-no-nos-impide-ser-y-amar\/\",\"url\":\"https:\/\/colombiadiversa.org\/publicacion\/la-violencia-no-nos-impide-ser-y-amar\/\",\"name\":\"La violencia no nos impide ser y amar - Colombia Diversa\",\"isPartOf\":{\"@id\":\"https:\/\/colombiadiversa.org\/#website\"},\"primaryImageOfPage\":{\"@id\":\"https:\/\/colombiadiversa.org\/publicacion\/la-violencia-no-nos-impide-ser-y-amar\/#primaryimage\"},\"image\":{\"@id\":\"https:\/\/colombiadiversa.org\/publicacion\/la-violencia-no-nos-impide-ser-y-amar\/#primaryimage\"},\"thumbnailUrl\":\"https:\/\/colombiadiversa.org\/wp-content\/uploads\/2025\/08\/La-violencia-no-nos-impide-ser-y-amar.jpg\",\"datePublished\":\"2022-08-12T22:36:30+00:00\",\"dateModified\":\"2025-08-12T22:36:36+00:00\",\"description\":\"Para el 2021, Colombia Diversa registr\u00f3 violencias en contra de 405 personas LGBT en Colombia. Este informe tiene como prop\u00f3sito estudiar la situaci\u00f3n de\",\"breadcrumb\":{\"@id\":\"https:\/\/colombiadiversa.org\/publicacion\/la-violencia-no-nos-impide-ser-y-amar\/#breadcrumb\"},\"inLanguage\":\"en-GB\",\"potentialAction\":[{\"@type\":\"ReadAction\",\"target\":[\"https:\/\/colombiadiversa.org\/publicacion\/la-violencia-no-nos-impide-ser-y-amar\/\"]}]},{\"@type\":\"ImageObject\",\"inLanguage\":\"en-GB\",\"@id\":\"https:\/\/colombiadiversa.org\/publicacion\/la-violencia-no-nos-impide-ser-y-amar\/#primaryimage\",\"url\":\"https:\/\/colombiadiversa.org\/wp-content\/uploads\/2025\/08\/La-violencia-no-nos-impide-ser-y-amar.jpg\",\"contentUrl\":\"https:\/\/colombiadiversa.org\/wp-content\/uploads\/2025\/08\/La-violencia-no-nos-impide-ser-y-amar.jpg\",\"width\":1080,\"height\":1270,\"caption\":\"La violencia no nos impide ser y amar\"},{\"@type\":\"BreadcrumbList\",\"@id\":\"https:\/\/colombiadiversa.org\/publicacion\/la-violencia-no-nos-impide-ser-y-amar\/#breadcrumb\",\"itemListElement\":[{\"@type\":\"ListItem\",\"position\":1,\"name\":\"Home\",\"item\":\"https:\/\/colombiadiversa.org\/\"},{\"@type\":\"ListItem\",\"position\":2,\"name\":\"La violencia no nos impide ser y amar\"}]},{\"@type\":\"WebSite\",\"@id\":\"https:\/\/colombiadiversa.org\/#website\",\"url\":\"https:\/\/colombiadiversa.org\/\",\"name\":\"Colombia Diversa\",\"description\":\"Derechos LGBTIQ+ en Colombia con justicia e igualdad\",\"publisher\":{\"@id\":\"https:\/\/colombiadiversa.org\/#organization\"},\"alternateName\":\"Colombia Diversa\",\"potentialAction\":[{\"@type\":\"SearchAction\",\"target\":{\"@type\":\"EntryPoint\",\"urlTemplate\":\"https:\/\/colombiadiversa.org\/?s={search_term_string}\"},\"query-input\":{\"@type\":\"PropertyValueSpecification\",\"valueRequired\":true,\"valueName\":\"search_term_string\"}}],\"inLanguage\":\"en-GB\"},{\"@type\":\"Organization\",\"@id\":\"https:\/\/colombiadiversa.org\/#organization\",\"name\":\"Colombia Diversa\",\"alternateName\":\"Colombia Diversa\",\"url\":\"https:\/\/colombiadiversa.org\/\",\"logo\":{\"@type\":\"ImageObject\",\"inLanguage\":\"en-GB\",\"@id\":\"https:\/\/colombiadiversa.org\/#\/schema\/logo\/image\/\",\"url\":\"https:\/\/colombiadiversa.org\/wp-content\/uploads\/2025\/05\/cropped-Logo.png\",\"contentUrl\":\"https:\/\/colombiadiversa.org\/wp-content\/uploads\/2025\/05\/cropped-Logo.png\",\"width\":258,\"height\":138,\"caption\":\"Colombia Diversa\"},\"image\":{\"@id\":\"https:\/\/colombiadiversa.org\/#\/schema\/logo\/image\/\"},\"sameAs\":[\"https:\/\/www.facebook.com\/pagecolombiadiversa\/\",\"https:\/\/x.com\/ColombiaDiversa\",\"https:\/\/www.instagram.com\/colombiadiversa\/?hl=es-la\",\"https:\/\/www.youtube.com\/user\/ColombiaDiversa\"],\"description\":\"Derechos LGBTIQ+ en Colombia con justicia e igualdad\",\"legalName\":\"Colombia Diversa\"}]}<\/script>\n<!-- \/ Yoast SEO Premium plugin. -->","yoast_head_json":{"title":"Violence does not stop us from being and loving - Colombia Diversa","description":"By 2021, Colombia Diversa recorded violence against 405 LGBT people in Colombia. The purpose of this report is to study the situation of","robots":{"index":"index","follow":"follow","max-snippet":"max-snippet:-1","max-image-preview":"max-image-preview:large","max-video-preview":"max-video-preview:-1"},"canonical":"https:\/\/colombiadiversa.org\/en\/publication\/violence-does-not-prevent-us-from-being-and-loving\/","og_locale":"en_GB","og_type":"article","og_title":"La violencia no nos impide ser y amar","og_description":"Para el 2021, Colombia Diversa registr\u00f3 violencias en contra de 405 personas LGBT en Colombia. Este informe tiene como prop\u00f3sito estudiar la situaci\u00f3n de","og_url":"https:\/\/colombiadiversa.org\/en\/publication\/violence-does-not-prevent-us-from-being-and-loving\/","og_site_name":"Colombia Diversa","article_publisher":"https:\/\/www.facebook.com\/pagecolombiadiversa\/","article_modified_time":"2025-08-12T22:36:36+00:00","og_image":[{"width":1080,"height":1270,"url":"https:\/\/colombiadiversa.org\/wp-content\/uploads\/2025\/08\/La-violencia-no-nos-impide-ser-y-amar.jpg","type":"image\/jpeg"}],"twitter_card":"summary_large_image","twitter_site":"@ColombiaDiversa","schema":{"@context":"https:\/\/schema.org","@graph":[{"@type":"WebPage","@id":"https:\/\/colombiadiversa.org\/publicacion\/la-violencia-no-nos-impide-ser-y-amar\/","url":"https:\/\/colombiadiversa.org\/publicacion\/la-violencia-no-nos-impide-ser-y-amar\/","name":"Violence does not stop us from being and loving - Colombia Diversa","isPartOf":{"@id":"https:\/\/colombiadiversa.org\/#website"},"primaryImageOfPage":{"@id":"https:\/\/colombiadiversa.org\/publicacion\/la-violencia-no-nos-impide-ser-y-amar\/#primaryimage"},"image":{"@id":"https:\/\/colombiadiversa.org\/publicacion\/la-violencia-no-nos-impide-ser-y-amar\/#primaryimage"},"thumbnailUrl":"https:\/\/colombiadiversa.org\/wp-content\/uploads\/2025\/08\/La-violencia-no-nos-impide-ser-y-amar.jpg","datePublished":"2022-08-12T22:36:30+00:00","dateModified":"2025-08-12T22:36:36+00:00","description":"By 2021, Colombia Diversa recorded violence against 405 LGBT people in Colombia. The purpose of this report is to study the situation of","breadcrumb":{"@id":"https:\/\/colombiadiversa.org\/publicacion\/la-violencia-no-nos-impide-ser-y-amar\/#breadcrumb"},"inLanguage":"en-GB","potentialAction":[{"@type":"ReadAction","target":["https:\/\/colombiadiversa.org\/publicacion\/la-violencia-no-nos-impide-ser-y-amar\/"]}]},{"@type":"ImageObject","inLanguage":"en-GB","@id":"https:\/\/colombiadiversa.org\/publicacion\/la-violencia-no-nos-impide-ser-y-amar\/#primaryimage","url":"https:\/\/colombiadiversa.org\/wp-content\/uploads\/2025\/08\/La-violencia-no-nos-impide-ser-y-amar.jpg","contentUrl":"https:\/\/colombiadiversa.org\/wp-content\/uploads\/2025\/08\/La-violencia-no-nos-impide-ser-y-amar.jpg","width":1080,"height":1270,"caption":"La violencia no nos impide ser y amar"},{"@type":"BreadcrumbList","@id":"https:\/\/colombiadiversa.org\/publicacion\/la-violencia-no-nos-impide-ser-y-amar\/#breadcrumb","itemListElement":[{"@type":"ListItem","position":1,"name":"Home","item":"https:\/\/colombiadiversa.org\/"},{"@type":"ListItem","position":2,"name":"La violencia no nos impide ser y amar"}]},{"@type":"WebSite","@id":"https:\/\/colombiadiversa.org\/#website","url":"https:\/\/colombiadiversa.org\/","name":"Colombia Diverse","description":"LGBTIQ+ rights in Colombia with justice and equality","publisher":{"@id":"https:\/\/colombiadiversa.org\/#organization"},"alternateName":"Colombia Diversa","potentialAction":[{"@type":"SearchAction","target":{"@type":"EntryPoint","urlTemplate":"https:\/\/colombiadiversa.org\/?s={search_term_string}"},"query-input":{"@type":"PropertyValueSpecification","valueRequired":true,"valueName":"search_term_string"}}],"inLanguage":"en-GB"},{"@type":"Organization","@id":"https:\/\/colombiadiversa.org\/#organization","name":"Colombia Diverse","alternateName":"Colombia Diversa","url":"https:\/\/colombiadiversa.org\/","logo":{"@type":"ImageObject","inLanguage":"en-GB","@id":"https:\/\/colombiadiversa.org\/#\/schema\/logo\/image\/","url":"https:\/\/colombiadiversa.org\/wp-content\/uploads\/2025\/05\/cropped-Logo.png","contentUrl":"https:\/\/colombiadiversa.org\/wp-content\/uploads\/2025\/05\/cropped-Logo.png","width":258,"height":138,"caption":"Colombia Diversa"},"image":{"@id":"https:\/\/colombiadiversa.org\/#\/schema\/logo\/image\/"},"sameAs":["https:\/\/www.facebook.com\/pagecolombiadiversa\/","https:\/\/x.com\/ColombiaDiversa","https:\/\/www.instagram.com\/colombiadiversa\/?hl=es-la","https:\/\/www.youtube.com\/user\/ColombiaDiversa"],"description":"LGBTIQ+ rights in Colombia with justice and equality","legalName":"Colombia Diversa"}]}},"_links":{"self":[{"href":"https:\/\/colombiadiversa.org\/en\/wp-json\/wp\/v2\/publicacion\/3691","targetHints":{"allow":["GET"]}}],"collection":[{"href":"https:\/\/colombiadiversa.org\/en\/wp-json\/wp\/v2\/publicacion"}],"about":[{"href":"https:\/\/colombiadiversa.org\/en\/wp-json\/wp\/v2\/types\/publicacion"}],"wp:featuredmedia":[{"embeddable":true,"href":"https:\/\/colombiadiversa.org\/en\/wp-json\/wp\/v2\/media\/3694"}],"wp:attachment":[{"href":"https:\/\/colombiadiversa.org\/en\/wp-json\/wp\/v2\/media?parent=3691"}],"curies":[{"name":"wp","href":"https:\/\/api.w.org\/{rel}","templated":true}]}}

<!-- This site is optimized with the Yoast SEO Premium plugin v25.6 (Yoast SEO v25.6) - https://yoast.com/wordpress/plugins/seo/ -->
<title>La violencia no nos impide ser y amar - Colombia Diversa</title>
<meta name="description" content="Para el 2021, Colombia Diversa registró violencias en contra de 405 personas LGBT en Colombia. Este informe tiene como propósito estudiar la situación de" />
<meta name="robots" content="index, follow, max-snippet:-1, max-image-preview:large, max-video-preview:-1" />
<link rel="canonical" href="https://colombiadiversa.org/en/publication/violence-does-not-prevent-us-from-being-and-loving/" />
<meta property="og:locale" content="en_GB" />
<meta property="og:type" content="article" />
<meta property="og:title" content="La violencia no nos impide ser y amar" />
<meta property="og:description" content="Para el 2021, Colombia Diversa registró violencias en contra de 405 personas LGBT en Colombia. Este informe tiene como propósito estudiar la situación de" />
<meta property="og:url" content="https://colombiadiversa.org/en/publication/violence-does-not-prevent-us-from-being-and-loving/" />
<meta property="og:site_name" content="Colombia Diversa" />
<meta property="article:publisher" content="https://www.facebook.com/pagecolombiadiversa/" />
<meta property="article:modified_time" content="2025-08-12T22:36:36+00:00" />
<meta property="og:image" content="https://colombiadiversa.org/wp-content/uploads/2025/08/La-violencia-no-nos-impide-ser-y-amar.jpg" />
	<meta property="og:image:width" content="1080" />
	<meta property="og:image:height" content="1270" />
	<meta property="og:image:type" content="image/jpeg" />
<meta name="twitter:card" content="summary_large_image" />
<meta name="twitter:site" content="@ColombiaDiversa" />
<script type="application/ld+json" class="yoast-schema-graph">{"@context":"https://schema.org","@graph":[{"@type":"WebPage","@id":"https://colombiadiversa.org/publicacion/la-violencia-no-nos-impide-ser-y-amar/","url":"https://colombiadiversa.org/publicacion/la-violencia-no-nos-impide-ser-y-amar/","name":"La violencia no nos impide ser y amar - Colombia Diversa","isPartOf":{"@id":"https://colombiadiversa.org/#website"},"primaryImageOfPage":{"@id":"https://colombiadiversa.org/publicacion/la-violencia-no-nos-impide-ser-y-amar/#primaryimage"},"image":{"@id":"https://colombiadiversa.org/publicacion/la-violencia-no-nos-impide-ser-y-amar/#primaryimage"},"thumbnailUrl":"https://colombiadiversa.org/wp-content/uploads/2025/08/La-violencia-no-nos-impide-ser-y-amar.jpg","datePublished":"2022-08-12T22:36:30+00:00","dateModified":"2025-08-12T22:36:36+00:00","description":"Para el 2021, Colombia Diversa registró violencias en contra de 405 personas LGBT en Colombia. Este informe tiene como propósito estudiar la situación de","breadcrumb":{"@id":"https://colombiadiversa.org/publicacion/la-violencia-no-nos-impide-ser-y-amar/#breadcrumb"},"inLanguage":"en-GB","potentialAction":[{"@type":"ReadAction","target":["https://colombiadiversa.org/publicacion/la-violencia-no-nos-impide-ser-y-amar/"]}]},{"@type":"ImageObject","inLanguage":"en-GB","@id":"https://colombiadiversa.org/publicacion/la-violencia-no-nos-impide-ser-y-amar/#primaryimage","url":"https://colombiadiversa.org/wp-content/uploads/2025/08/La-violencia-no-nos-impide-ser-y-amar.jpg","contentUrl":"https://colombiadiversa.org/wp-content/uploads/2025/08/La-violencia-no-nos-impide-ser-y-amar.jpg","width":1080,"height":1270,"caption":"La violencia no nos impide ser y amar"},{"@type":"BreadcrumbList","@id":"https://colombiadiversa.org/publicacion/la-violencia-no-nos-impide-ser-y-amar/#breadcrumb","itemListElement":[{"@type":"ListItem","position":1,"name":"Home","item":"https://colombiadiversa.org/"},{"@type":"ListItem","position":2,"name":"La violencia no nos impide ser y amar"}]},{"@type":"WebSite","@id":"https://colombiadiversa.org/#website","url":"https://colombiadiversa.org/","name":"Colombia Diversa","description":"Derechos LGBTIQ+ en Colombia con justicia e igualdad","publisher":{"@id":"https://colombiadiversa.org/#organization"},"alternateName":"Colombia Diversa","potentialAction":[{"@type":"SearchAction","target":{"@type":"EntryPoint","urlTemplate":"https://colombiadiversa.org/?s={search_term_string}"},"query-input":{"@type":"PropertyValueSpecification","valueRequired":true,"valueName":"search_term_string"}}],"inLanguage":"en-GB"},{"@type":"Organization","@id":"https://colombiadiversa.org/#organization","name":"Colombia Diversa","alternateName":"Colombia Diversa","url":"https://colombiadiversa.org/","logo":{"@type":"ImageObject","inLanguage":"en-GB","@id":"https://colombiadiversa.org/#/schema/logo/image/","url":"https://colombiadiversa.org/wp-content/uploads/2025/05/cropped-Logo.png","contentUrl":"https://colombiadiversa.org/wp-content/uploads/2025/05/cropped-Logo.png","width":258,"height":138,"caption":"Colombia Diversa"},"image":{"@id":"https://colombiadiversa.org/#/schema/logo/image/"},"sameAs":["https://www.facebook.com/pagecolombiadiversa/","https://x.com/ColombiaDiversa","https://www.instagram.com/colombiadiversa/?hl=es-la","https://www.youtube.com/user/ColombiaDiversa"],"description":"Derechos LGBTIQ+ en Colombia con justicia e igualdad","legalName":"Colombia Diversa"}]}</script>
<!-- / Yoast SEO Premium plugin. -->

Para el 2021, Colombia Diversa registró violencias en contra de 405 personas LGBT en Colombia. Este informe tiene como propósito estudiar la situación de
