{"id":1112,"date":"2017-06-17T23:09:23","date_gmt":"2017-06-17T23:09:23","guid":{"rendered":"https:\/\/colombiadiversa.org\/?post_type=publicacion&#038;p=1112"},"modified":"2025-06-17T23:09:33","modified_gmt":"2025-06-17T23:09:33","slug":"my-story-is-told-by-me","status":"publish","type":"publicacion","link":"https:\/\/colombiadiversa.org\/en\/publication\/my-story-is-told-by-me\/","title":{"rendered":"My story is told by me"},"content":{"rendered":"<p>The diary of Marta Alvarez, the lesbian woman who fought for intimate visits for incarcerated same-sex couples in Colombia.<\/p>","protected":false},"featured_media":1115,"template":"","meta":{"_acf_changed":false},"class_list":["post-1112","publicacion","type-publicacion","status-publish","has-post-thumbnail","hentry"],"acf":[],"yoast_head":"<!-- This site is optimized with the Yoast SEO Premium plugin v25.6 (Yoast SEO v25.6) - https:\/\/yoast.com\/wordpress\/plugins\/seo\/ -->\n<title>Mi historia la Cuento Yo - Colombia Diversa<\/title>\n<meta name=\"description\" content=\"El diario de Marta \u00c1lvarez, la mujer lesbiana que luch\u00f3 por la visita \u00ed\u00adntima para parejas del mismo sexo privadas de la libertad en Colombia.\" \/>\n<meta name=\"robots\" content=\"index, follow, max-snippet:-1, max-image-preview:large, max-video-preview:-1\" \/>\n<link rel=\"canonical\" href=\"https:\/\/colombiadiversa.org\/en\/publication\/my-story-is-told-by-me\/\" \/>\n<meta property=\"og:locale\" content=\"en_GB\" \/>\n<meta property=\"og:type\" content=\"article\" \/>\n<meta property=\"og:title\" content=\"Mi historia la Cuento Yo\" \/>\n<meta property=\"og:description\" content=\"El diario de Marta \u00c1lvarez, la mujer lesbiana que luch\u00f3 por la visita \u00ed\u00adntima para parejas del mismo sexo privadas de la libertad en Colombia.\" \/>\n<meta property=\"og:url\" content=\"https:\/\/colombiadiversa.org\/en\/publication\/my-story-is-told-by-me\/\" \/>\n<meta property=\"og:site_name\" content=\"Colombia Diversa\" \/>\n<meta property=\"article:publisher\" content=\"https:\/\/www.facebook.com\/pagecolombiadiversa\/\" \/>\n<meta property=\"article:modified_time\" content=\"2025-06-17T23:09:33+00:00\" \/>\n<meta property=\"og:image\" content=\"https:\/\/colombiadiversa.org\/wp-content\/uploads\/2025\/05\/cropped-Logo.png\" \/>\n\t<meta property=\"og:image:width\" content=\"258\" \/>\n\t<meta property=\"og:image:height\" content=\"138\" \/>\n\t<meta property=\"og:image:type\" content=\"image\/png\" \/>\n<meta name=\"twitter:card\" content=\"summary_large_image\" \/>\n<meta name=\"twitter:site\" content=\"@ColombiaDiversa\" \/>\n<script type=\"application\/ld+json\" class=\"yoast-schema-graph\">{\"@context\":\"https:\/\/schema.org\",\"@graph\":[{\"@type\":\"WebPage\",\"@id\":\"https:\/\/colombiadiversa.org\/publicacion\/mi-historia-la-cuento-yo\/\",\"url\":\"https:\/\/colombiadiversa.org\/publicacion\/mi-historia-la-cuento-yo\/\",\"name\":\"Mi historia la Cuento Yo - Colombia Diversa\",\"isPartOf\":{\"@id\":\"https:\/\/colombiadiversa.org\/#website\"},\"primaryImageOfPage\":{\"@id\":\"https:\/\/colombiadiversa.org\/publicacion\/mi-historia-la-cuento-yo\/#primaryimage\"},\"image\":{\"@id\":\"https:\/\/colombiadiversa.org\/publicacion\/mi-historia-la-cuento-yo\/#primaryimage\"},\"thumbnailUrl\":\"https:\/\/colombiadiversa.org\/wp-content\/uploads\/2025\/06\/Mi-historia-la-Cuento-Yo.avif\",\"datePublished\":\"2017-06-17T23:09:23+00:00\",\"dateModified\":\"2025-06-17T23:09:33+00:00\",\"description\":\"El diario de Marta \u00c1lvarez, la mujer lesbiana que luch\u00f3 por la visita \u00ed\u00adntima para parejas del mismo sexo privadas de la libertad en Colombia.\",\"breadcrumb\":{\"@id\":\"https:\/\/colombiadiversa.org\/publicacion\/mi-historia-la-cuento-yo\/#breadcrumb\"},\"inLanguage\":\"en-GB\",\"potentialAction\":[{\"@type\":\"ReadAction\",\"target\":[\"https:\/\/colombiadiversa.org\/publicacion\/mi-historia-la-cuento-yo\/\"]}]},{\"@type\":\"ImageObject\",\"inLanguage\":\"en-GB\",\"@id\":\"https:\/\/colombiadiversa.org\/publicacion\/mi-historia-la-cuento-yo\/#primaryimage\",\"url\":\"https:\/\/colombiadiversa.org\/wp-content\/uploads\/2025\/06\/Mi-historia-la-Cuento-Yo.avif\",\"contentUrl\":\"https:\/\/colombiadiversa.org\/wp-content\/uploads\/2025\/06\/Mi-historia-la-Cuento-Yo.avif\",\"width\":1080,\"height\":1270},{\"@type\":\"BreadcrumbList\",\"@id\":\"https:\/\/colombiadiversa.org\/publicacion\/mi-historia-la-cuento-yo\/#breadcrumb\",\"itemListElement\":[{\"@type\":\"ListItem\",\"position\":1,\"name\":\"Home\",\"item\":\"https:\/\/colombiadiversa.org\/\"},{\"@type\":\"ListItem\",\"position\":2,\"name\":\"Mi historia la Cuento Yo\"}]},{\"@type\":\"WebSite\",\"@id\":\"https:\/\/colombiadiversa.org\/#website\",\"url\":\"https:\/\/colombiadiversa.org\/\",\"name\":\"Colombia Diversa\",\"description\":\"Derechos LGBTIQ+ en Colombia con justicia e igualdad\",\"publisher\":{\"@id\":\"https:\/\/colombiadiversa.org\/#organization\"},\"alternateName\":\"Colombia Diversa\",\"potentialAction\":[{\"@type\":\"SearchAction\",\"target\":{\"@type\":\"EntryPoint\",\"urlTemplate\":\"https:\/\/colombiadiversa.org\/?s={search_term_string}\"},\"query-input\":{\"@type\":\"PropertyValueSpecification\",\"valueRequired\":true,\"valueName\":\"search_term_string\"}}],\"inLanguage\":\"en-GB\"},{\"@type\":\"Organization\",\"@id\":\"https:\/\/colombiadiversa.org\/#organization\",\"name\":\"Colombia Diversa\",\"alternateName\":\"Colombia Diversa\",\"url\":\"https:\/\/colombiadiversa.org\/\",\"logo\":{\"@type\":\"ImageObject\",\"inLanguage\":\"en-GB\",\"@id\":\"https:\/\/colombiadiversa.org\/#\/schema\/logo\/image\/\",\"url\":\"https:\/\/colombiadiversa.org\/wp-content\/uploads\/2025\/05\/cropped-Logo.png\",\"contentUrl\":\"https:\/\/colombiadiversa.org\/wp-content\/uploads\/2025\/05\/cropped-Logo.png\",\"width\":258,\"height\":138,\"caption\":\"Colombia Diversa\"},\"image\":{\"@id\":\"https:\/\/colombiadiversa.org\/#\/schema\/logo\/image\/\"},\"sameAs\":[\"https:\/\/www.facebook.com\/pagecolombiadiversa\/\",\"https:\/\/x.com\/ColombiaDiversa\",\"https:\/\/www.instagram.com\/colombiadiversa\/?hl=es-la\",\"https:\/\/www.youtube.com\/user\/ColombiaDiversa\"],\"description\":\"Derechos LGBTIQ+ en Colombia con justicia e igualdad\",\"legalName\":\"Colombia Diversa\"}]}<\/script>\n<!-- \/ Yoast SEO Premium plugin. -->","yoast_head_json":{"title":"My Story is My Own - Colombia Diversa","description":"The diary of Marta Alvarez, the lesbian woman who fought for intimate visits for incarcerated same-sex couples in Colombia.","robots":{"index":"index","follow":"follow","max-snippet":"max-snippet:-1","max-image-preview":"max-image-preview:large","max-video-preview":"max-video-preview:-1"},"canonical":"https:\/\/colombiadiversa.org\/en\/publication\/my-story-is-told-by-me\/","og_locale":"en_GB","og_type":"article","og_title":"Mi historia la Cuento Yo","og_description":"El diario de Marta \u00c1lvarez, la mujer lesbiana que luch\u00f3 por la visita \u00ed\u00adntima para parejas del mismo sexo privadas de la libertad en Colombia.","og_url":"https:\/\/colombiadiversa.org\/en\/publication\/my-story-is-told-by-me\/","og_site_name":"Colombia Diversa","article_publisher":"https:\/\/www.facebook.com\/pagecolombiadiversa\/","article_modified_time":"2025-06-17T23:09:33+00:00","og_image":[{"width":258,"height":138,"url":"https:\/\/colombiadiversa.org\/wp-content\/uploads\/2025\/05\/cropped-Logo.png","type":"image\/png"}],"twitter_card":"summary_large_image","twitter_site":"@ColombiaDiversa","schema":{"@context":"https:\/\/schema.org","@graph":[{"@type":"WebPage","@id":"https:\/\/colombiadiversa.org\/publicacion\/mi-historia-la-cuento-yo\/","url":"https:\/\/colombiadiversa.org\/publicacion\/mi-historia-la-cuento-yo\/","name":"My Story is My Own - Colombia Diversa","isPartOf":{"@id":"https:\/\/colombiadiversa.org\/#website"},"primaryImageOfPage":{"@id":"https:\/\/colombiadiversa.org\/publicacion\/mi-historia-la-cuento-yo\/#primaryimage"},"image":{"@id":"https:\/\/colombiadiversa.org\/publicacion\/mi-historia-la-cuento-yo\/#primaryimage"},"thumbnailUrl":"https:\/\/colombiadiversa.org\/wp-content\/uploads\/2025\/06\/Mi-historia-la-Cuento-Yo.avif","datePublished":"2017-06-17T23:09:23+00:00","dateModified":"2025-06-17T23:09:33+00:00","description":"The diary of Marta Alvarez, the lesbian woman who fought for intimate visits for incarcerated same-sex couples in Colombia.","breadcrumb":{"@id":"https:\/\/colombiadiversa.org\/publicacion\/mi-historia-la-cuento-yo\/#breadcrumb"},"inLanguage":"en-GB","potentialAction":[{"@type":"ReadAction","target":["https:\/\/colombiadiversa.org\/publicacion\/mi-historia-la-cuento-yo\/"]}]},{"@type":"ImageObject","inLanguage":"en-GB","@id":"https:\/\/colombiadiversa.org\/publicacion\/mi-historia-la-cuento-yo\/#primaryimage","url":"https:\/\/colombiadiversa.org\/wp-content\/uploads\/2025\/06\/Mi-historia-la-Cuento-Yo.avif","contentUrl":"https:\/\/colombiadiversa.org\/wp-content\/uploads\/2025\/06\/Mi-historia-la-Cuento-Yo.avif","width":1080,"height":1270},{"@type":"BreadcrumbList","@id":"https:\/\/colombiadiversa.org\/publicacion\/mi-historia-la-cuento-yo\/#breadcrumb","itemListElement":[{"@type":"ListItem","position":1,"name":"Home","item":"https:\/\/colombiadiversa.org\/"},{"@type":"ListItem","position":2,"name":"Mi historia la Cuento Yo"}]},{"@type":"WebSite","@id":"https:\/\/colombiadiversa.org\/#website","url":"https:\/\/colombiadiversa.org\/","name":"Colombia Diverse","description":"LGBTIQ+ rights in Colombia with justice and equality","publisher":{"@id":"https:\/\/colombiadiversa.org\/#organization"},"alternateName":"Colombia Diversa","potentialAction":[{"@type":"SearchAction","target":{"@type":"EntryPoint","urlTemplate":"https:\/\/colombiadiversa.org\/?s={search_term_string}"},"query-input":{"@type":"PropertyValueSpecification","valueRequired":true,"valueName":"search_term_string"}}],"inLanguage":"en-GB"},{"@type":"Organization","@id":"https:\/\/colombiadiversa.org\/#organization","name":"Colombia Diverse","alternateName":"Colombia Diversa","url":"https:\/\/colombiadiversa.org\/","logo":{"@type":"ImageObject","inLanguage":"en-GB","@id":"https:\/\/colombiadiversa.org\/#\/schema\/logo\/image\/","url":"https:\/\/colombiadiversa.org\/wp-content\/uploads\/2025\/05\/cropped-Logo.png","contentUrl":"https:\/\/colombiadiversa.org\/wp-content\/uploads\/2025\/05\/cropped-Logo.png","width":258,"height":138,"caption":"Colombia Diversa"},"image":{"@id":"https:\/\/colombiadiversa.org\/#\/schema\/logo\/image\/"},"sameAs":["https:\/\/www.facebook.com\/pagecolombiadiversa\/","https:\/\/x.com\/ColombiaDiversa","https:\/\/www.instagram.com\/colombiadiversa\/?hl=es-la","https:\/\/www.youtube.com\/user\/ColombiaDiversa"],"description":"LGBTIQ+ rights in Colombia with justice and equality","legalName":"Colombia Diversa"}]}},"_links":{"self":[{"href":"https:\/\/colombiadiversa.org\/en\/wp-json\/wp\/v2\/publicacion\/1112","targetHints":{"allow":["GET"]}}],"collection":[{"href":"https:\/\/colombiadiversa.org\/en\/wp-json\/wp\/v2\/publicacion"}],"about":[{"href":"https:\/\/colombiadiversa.org\/en\/wp-json\/wp\/v2\/types\/publicacion"}],"wp:featuredmedia":[{"embeddable":true,"href":"https:\/\/colombiadiversa.org\/en\/wp-json\/wp\/v2\/media\/1115"}],"wp:attachment":[{"href":"https:\/\/colombiadiversa.org\/en\/wp-json\/wp\/v2\/media?parent=1112"}],"curies":[{"name":"wp","href":"https:\/\/api.w.org\/{rel}","templated":true}]}}

<!-- This site is optimized with the Yoast SEO Premium plugin v25.6 (Yoast SEO v25.6) - https://yoast.com/wordpress/plugins/seo/ -->
<title>Mi historia la Cuento Yo - Colombia Diversa</title>
<meta name="description" content="El diario de Marta Álvarez, la mujer lesbiana que luchó por la visita í­ntima para parejas del mismo sexo privadas de la libertad en Colombia." />
<meta name="robots" content="index, follow, max-snippet:-1, max-image-preview:large, max-video-preview:-1" />
<link rel="canonical" href="https://colombiadiversa.org/en/publication/my-story-is-told-by-me/" />
<meta property="og:locale" content="en_GB" />
<meta property="og:type" content="article" />
<meta property="og:title" content="Mi historia la Cuento Yo" />
<meta property="og:description" content="El diario de Marta Álvarez, la mujer lesbiana que luchó por la visita í­ntima para parejas del mismo sexo privadas de la libertad en Colombia." />
<meta property="og:url" content="https://colombiadiversa.org/en/publication/my-story-is-told-by-me/" />
<meta property="og:site_name" content="Colombia Diversa" />
<meta property="article:publisher" content="https://www.facebook.com/pagecolombiadiversa/" />
<meta property="article:modified_time" content="2025-06-17T23:09:33+00:00" />
<meta property="og:image" content="https://colombiadiversa.org/wp-content/uploads/2025/05/cropped-Logo.png" />
	<meta property="og:image:width" content="258" />
	<meta property="og:image:height" content="138" />
	<meta property="og:image:type" content="image/png" />
<meta name="twitter:card" content="summary_large_image" />
<meta name="twitter:site" content="@ColombiaDiversa" />
<script type="application/ld+json" class="yoast-schema-graph">{"@context":"https://schema.org","@graph":[{"@type":"WebPage","@id":"https://colombiadiversa.org/publicacion/mi-historia-la-cuento-yo/","url":"https://colombiadiversa.org/publicacion/mi-historia-la-cuento-yo/","name":"Mi historia la Cuento Yo - Colombia Diversa","isPartOf":{"@id":"https://colombiadiversa.org/#website"},"primaryImageOfPage":{"@id":"https://colombiadiversa.org/publicacion/mi-historia-la-cuento-yo/#primaryimage"},"image":{"@id":"https://colombiadiversa.org/publicacion/mi-historia-la-cuento-yo/#primaryimage"},"thumbnailUrl":"https://colombiadiversa.org/wp-content/uploads/2025/06/Mi-historia-la-Cuento-Yo.avif","datePublished":"2017-06-17T23:09:23+00:00","dateModified":"2025-06-17T23:09:33+00:00","description":"El diario de Marta Álvarez, la mujer lesbiana que luchó por la visita í­ntima para parejas del mismo sexo privadas de la libertad en Colombia.","breadcrumb":{"@id":"https://colombiadiversa.org/publicacion/mi-historia-la-cuento-yo/#breadcrumb"},"inLanguage":"en-GB","potentialAction":[{"@type":"ReadAction","target":["https://colombiadiversa.org/publicacion/mi-historia-la-cuento-yo/"]}]},{"@type":"ImageObject","inLanguage":"en-GB","@id":"https://colombiadiversa.org/publicacion/mi-historia-la-cuento-yo/#primaryimage","url":"https://colombiadiversa.org/wp-content/uploads/2025/06/Mi-historia-la-Cuento-Yo.avif","contentUrl":"https://colombiadiversa.org/wp-content/uploads/2025/06/Mi-historia-la-Cuento-Yo.avif","width":1080,"height":1270},{"@type":"BreadcrumbList","@id":"https://colombiadiversa.org/publicacion/mi-historia-la-cuento-yo/#breadcrumb","itemListElement":[{"@type":"ListItem","position":1,"name":"Home","item":"https://colombiadiversa.org/"},{"@type":"ListItem","position":2,"name":"Mi historia la Cuento Yo"}]},{"@type":"WebSite","@id":"https://colombiadiversa.org/#website","url":"https://colombiadiversa.org/","name":"Colombia Diversa","description":"Derechos LGBTIQ+ en Colombia con justicia e igualdad","publisher":{"@id":"https://colombiadiversa.org/#organization"},"alternateName":"Colombia Diversa","potentialAction":[{"@type":"SearchAction","target":{"@type":"EntryPoint","urlTemplate":"https://colombiadiversa.org/?s={search_term_string}"},"query-input":{"@type":"PropertyValueSpecification","valueRequired":true,"valueName":"search_term_string"}}],"inLanguage":"en-GB"},{"@type":"Organization","@id":"https://colombiadiversa.org/#organization","name":"Colombia Diversa","alternateName":"Colombia Diversa","url":"https://colombiadiversa.org/","logo":{"@type":"ImageObject","inLanguage":"en-GB","@id":"https://colombiadiversa.org/#/schema/logo/image/","url":"https://colombiadiversa.org/wp-content/uploads/2025/05/cropped-Logo.png","contentUrl":"https://colombiadiversa.org/wp-content/uploads/2025/05/cropped-Logo.png","width":258,"height":138,"caption":"Colombia Diversa"},"image":{"@id":"https://colombiadiversa.org/#/schema/logo/image/"},"sameAs":["https://www.facebook.com/pagecolombiadiversa/","https://x.com/ColombiaDiversa","https://www.instagram.com/colombiadiversa/?hl=es-la","https://www.youtube.com/user/ColombiaDiversa"],"description":"Derechos LGBTIQ+ en Colombia con justicia e igualdad","legalName":"Colombia Diversa"}]}</script>
<!-- / Yoast SEO Premium plugin. -->

El diario de Marta Álvarez, la mujer lesbiana que luchó por la visita í­ntima para parejas del mismo sexo privadas de la libertad en Colombia.
